 of 232349927?
3
What is the units digit of 47310861?
1
What is the units digit of 2118224238?
8
What is the hundred thousands digit of 120321748?
3
What is the millions digit of 29616343?
9
What is the thousands digit of 438917408?
7
What is the thousands digit of 17830537?
0
What is the ten millions digit of 100792767?
0
What is the ten millions digit of 1538871664?
3
What is the hundred thousands digit of 10492296?
4
What is the ten thousands digit of 696464311?
6
What is the units digit of 75461516?
6
What is the millions digit of 17876633?
7
What is the tens digit of 142696350?
5
What is the ten thousands digit of 269792626?
9
What is the ten millions digit of 125968275?
2
What is the units digit of 39124610?
0
What is the units digit of 501274255?
5
What is the millions digit of 433439944?
3
What is the hundred thousands digit of 141775169?
7
What is the tens digit of 5015495?
9
What is the hundreds digit of 238095610?
6
What is the hundred thousands digit of 19235263?
2
What is the hundred thousands digit of 941494272?
4
What is the hundred thousands digit of 777123951?
1
What is the millions digit of 25790910?
5
What is the tens digit of 1339484285?
8
What is the hundred millions digit of 1354354933?
3
What is the hundred thousands digit of 46111794?
1
What is the thousands digit of 24436998?
6
What is the millions digit of 475116869?
5
What is the units digit of 233229629?
9
What is the hundred thousands digit of 4106580693?
5
What is the hundred thousands digit of 55881132?
8
What is the millions digit of 621661248?
1
What is the hundred millions digit of 1119402061?
1
What is the thousands digit of 976584900?
4
What is the millions digit of 82918694?
2
What is the hundreds digit of 26539109?
1
What is the thousands digit of 345886636?
6
What is the ten millions digit of 406034809?
0
What is the hundreds digit of 2377886783?
7
What is the units digit of 1420602097?
7
What is the hundred millions digit of 145380659?
1
What is the millions digit of 14936486?
4
What is the hundred millions digit of 198796644?
1
What is the thousands digit of 52834009?
4
What is the hundred millions digit of 298097982?
2
What is the billions digit of 1226426412?
1
What is the thousands digit of 402141761?
1
What is the hundreds digit of 137821944?
9
What is the ten thousands digit of 46301469?
0
What is the ten thousands digit of 21215389?
1
What is the hundreds digit of 1482309220?
2
What is the millions digit of 236107795?
6
What is the hundred millions digit of 877927478?
8
What is the hundred thousands digit of 205184417?
1
What is the hundred thousands digit of 689621042?
6
What is the units digit of 22380347?
7
What is the ten thousands digit of 38893706?
9
What is the ten thousands digit of 146410194?
1
What is the hundred millions digit of 502461816?
5
What is the units digit of 78126611?
1
What is the hundred thousands digit of 120534565?
5
What is the tens digit of 3188376935?
3
What is the hundreds digit of 784437619?
6
What is the ten thousands digit of 44656720?
5
What is the hundred thousands digit of 2971700423?
7
What is the ten millions digit of 47492170?
4
What is the hundred thousands digit of 31030490?
0
What is the tens digit of 414041952?
5
What is the hundreds digit of 206390040?
0
What is the hundreds digit of 227677917?
9
What is the ten thousands digit of 1262500850?
0
What is the hundred thousands digit of 1471133609?
1
What is the thousands digit of 281975085?
5
What is the ten thousands digit of 805061196?
6
What is the units digit of 1183841635?
5
What is the thousands digit of 1109368267?
8
What is the hundred millions digit of 158493513?
1
What is the tens digit of 2434822760?
6
What is the millions digit of 5718831?
5
What is the tens digit of 289749978?
7
What is the millions digit of 4727705?
4
What is the ten millions digit of 51159489?
5
What is the thousands digit of 97462002?
2
What is the tens digit of 27738530?
3
What is the ten thousands digit of 89619244?
1
What is the thousands digit of 255626569?
6
What is the units digit of 210723453?
3
What is the tens digit of 45883450?
5
What is the thousands digit of 28645170?
5
What is the millions digit of 2055555787?
5
What is the hundred millions digit of 107431951?
1
What is the units digit of 265337177?
7
What is the millions digit of 41986200?
1
What is the hundred thousands digit of 16167597?
1
What is the thousands digit of 46134609?
4
What is the thousands digit of 1951607876?
7
What is the ten millions digit of 53993161?
5
What is the tens digit of 618964652?
5
What is the hundred thousands digit of 162786774?
7
What is the ten millions digit of 398606801?
9
What is the millions digit of 1247810627?
7
What is the units digit of 677416980?
0
What is the hundred thousands digit of 92765603?
7
What is the units digit of 53570071?
1
What is the ten thousands digit of 18129246?
2
What is the hundred millions digit of 112869104?
1
What is the hundreds digit of 799711302?
3
What is the thousands digit of 260513992?
3
What is the hundred thousands digit of 2491579897?
5
What is the units digit of 73106353?
3
What is the units digit of 15925692?
2
What is the ten thousands digit of 7165454270?
5
What is the ten thousands digit of 44570079?
7
What is the ten millions digit of 34555539?
3
What is the ten thousands digit of 1263979303?
7
What is the hundred thousands digit of 40194633?
1
What is the thousands digit of 2145264654?
4
What is the billions digit of 1662868011?
1
What is the units digit of 402265566?
6
What is the hundred thousands digit of 37255789?
2
What is the ten millions digit of 149973048?
4
What is the hundred millions digit of 595629247?
5
What is the thousands digit of 1703779653?
9
What is the tens digit of 399757403?
0
What is the hundred thousands digit of 267053379?
0
What is the ten millions digit of 1597965899?
9
What is the tens digit of 288655282?
8
What is the tens digit of 67071377?
7
What is the hundreds digit of 91655455?
4
What is the ten millions digit of 36123829?
3
What is the hundred thousands digit of 1172724282?
7
What is the hundred thousands digit of 190243506?
2
What is the tens digit of 19554778?
7
What is the tens digit of 83656540?
4
What is the millions digit of 37482437?
7
What is the ten millions digit of 2489439844?
8
What is the tens digit of 2367996361?
6
What is the billions digit of 1208233223?
1
What is the hundred millions digit of 514904657?
5
What is the ten millions digit of 2433503441?
3
What is the thousands digit of 643067053?
7
What is the millions digit of 541011365?
1
What is the millions digit of 342163943?
2
What is the ten thousands digit of 7022890978?
9
What is the hundred thousands digit of 67611243?
6
What is the hundred thousands digit of 106696979?
6
What is the millions digit of 143094348?
3
What is the thousands digit of 24060786?
0
What is the tens digit of 812548846?
4
What is the thousands digit of 47401356?
1
What is the hundreds digit of 981884801?
8
What is the hundred thousands digit of 1429567128?
5
What is the tens digit of 3992589179?
7
What is the billions digit of 6554359931?
6
What is the thousands digit of 41941624?
1
What is the hundred millions digit of 100569870?
1
What is the hundred millions digit of 6344313214?
3
What is the ten millions digit of 466738016?
6
What is the millions digit of 439467111?
9
What is the ten thousands digit of 2928376003?
7
What is the thousands digit of 58144710?
4
What is the hundred millions digit of 915752565?
9
What is the hundred millions digit of 353180074?
3
What is the thousands digit of 32631237?
1
What is the tens digit of 157277431?
3
What is the units digit of 1943789673?
3
What is the hundreds digit of 123058948?
9
What is the hundred thousands digit of 669548764?
5
What is the thousands digit of 67351278?
1
What is the units digit of 557074380?
0
What is the tens digit of 5231603049?
4
What is the units digit of 333540117?
7
What is the hundred millions digit of 5001554133?
0
What is the units digit of 2456415790?
0
What is the units digit of 14743377?
7
What is the units digit of 80789802?
2
What is the ten thousands digit of 152753368?
5
What is the hundred millions digit of 376707663?
3
What is the tens digit of 36382106?
0
What 